) = 0 + c - 1 + c**2 - 3*c. Let r(w) = 2*w - 1. Let h be r(4). Suppose 0 = -5*y - 3 - h. Give x(y).
7
Let b(s) = -s**3 - s + 1. Let n(z) = 5*z**3 + 6*z - 4 - z**3 + 0*z. Let m(j) = 6*b(j) + n(j). Let r(h) be the first derivative of m(h). Determine r(-1).
-6
Let q(b) = -b - 4. Suppose -4*d + 2*t - 2 = 0, d + 3*t = -3*d + 3. Let f be (15/(-6) - -2)*d. Let u be q(f). Let p(i) = -i**2 - i + 5. Determine p(u).
-7
Let q(r) = 1 - r**3 + r - 5*r + 4*r**2 + 0*r. Let f = -3 + 2. Let t be (0 + -1)*(-2 + f). Give q(t).
-2
Let c be (-30)/(((-6)/4)/(-1)). Let y be (-50)/c*8/(-10). Let o(a) = -2*a - 2. What is o(y)?
2
Let n(j) be the first derivative of j**3/3 + j**2/2 - j - 1. Let g be 7*(-2 + 48/14). Suppose 0 = -4*p - p - g. What is n(p)?
1
Let x = 11 + -8. Suppose -a - k - 8 = -3*a, 0 = -2*a - x*k. Let d(s) = -s**3 + 4*s**2 - 3*s. Calculate d(a).
0
Let b(w) = 2*w - 7*w + 0*w + 4. Give b(3).
-11
Let b be (-4)/(-1) + (-2)/2. Let l(n) = 7*n - 1 - 8*n + 1. Calculate l(b).
-3
Suppose -4*q + q = 5*t + 8, 3 = -2*t - q. Let o(i) = -4*i**2 - 3*i + 2*i + 7*i**2. Give o(t).
4
Let i(f) = f + 4. Let v(j) = j**2 + 11*j - 4. Let h be v(-11). Determine i(h).
0
Let g(m) = -m**2 - m - 3. Let y = 31 - 35. Calculate g(y).
-15
Suppose 4*i = -3 - 5. Let f(m) be the second derivative of -2*m + 1/3*m**3 + 0 - m**2. Determine f(i).
-6
Let y(g) = -g**2 + 2*g - 6. Let q be 1/(-5)*4*(2 - 7). Calculate y(q).
-14
Let n(a) be the first derivative of -a**3/3 + 3*a**2 - 3*a + 12. Determine n(2).
5
Suppose -4*b = -0*b + 3*t + 6, 0 = -2*b - 4*t - 8. Let d(y) be the third derivative of 5/24*y**4 - 1/6*y**3 + 1/60*y**5 + y**2 + 0 + b*y. Calculate d(-6).
5
Let w(j) = -j**2 + 8*j + 5. Let i = 18 - 10. Let m be w(i). Let s(r) = m*r - r - 6*r - 3. Give s(-3).
3
Let q(t) = -4 - t + 0*t + 2 + t**2 + 4. Suppose 0 = -5*f + j - 28, -3*f + 3*j - 14 = -2*f. Let o(g) = g**3 + 4*g**2 - 6*g - 7. Let h be o(f). Determine q(h).
8
Let t(d) = d**2 - 5*d - 4. Suppose 5*i = -5*w + 15, -3*w = -2*i + 2*w + 20. Calculate t(i).
-4
Let q(m) = 8*m + 2. Let r(b) = 9*b + 1. Let w(y) = -3*q(y) + 2*r(y). Calculate w(-4).
20
Let i = -18 - -22. Let k(x) = -4*x + x**3 - 4*x**2 - 1 + 3 + 3 - i. What is k(5)?
6
Let p be 12/15 - (-2)/10. Let n be (p/(-3) - 2)*-21. Suppose 3*u + 4*l - 20 = -n, -u = -l - 2. Let k(w) = -3*w - 1. Give k(u).
8
Suppose 0 = 4*y + v, -4*v = -3*y - y. Let t(u) = -u**2 - 4*u - 1. Let p be t(-3). Let f(h) = -h**2 + 0*h**2 - 9 + 2*h**p + h**3. Determine f(y).
-9
Let h(x) = -x + 4. Let r(d) = 2*d - 10. Let j(o) = -5*h(o) - 2*r(o). Calculate j(5).
5
Let g(x) be the third derivative of 0*x - x**2 + 0 + 1/4*x**4 - 5/6*x**3 + 1/60*x**5. Suppose 20 = -2*c - 2*c. Calculate g(c).
-10
Let b(p) = -p**3 + p**2 + p + 7. Suppose 0 = x - 5 - 19. Let s be 2/(-3) + 40/x. Let t = 1 - s. Determine b(t).
7
Let q = 10 + -5. Suppose -q = -5*v + 5. Let h(k) = 3*k + 6 - v*k - 2 - 3. Determine h(2).
3
Let b(w) = -12*w**3. Suppose -4*h + h = 0. Suppose h = 2*o + 2, 0*p + p = 3*o + 6. Let q be (-6)/(-2)*p/9. Calculate b(q).
-12
Let c(n) = 1. Let g(p) = -3*p + 7. Let i(v) = -2*c(v) + g(v). Let h(f) = -2*f**3 - 2*f**2 + 2*f. Let q be h(-2). Give i(q).
-7
Let j be (0*2/4)/(-4). Let i(x) = x**3 - x**2 + 4. Calculate i(j).
4
Let z(o) be the second derivative of 2*o + 1/6*o**3 + 0 + 2*o**2. What is z(3)?
7
Let d(z) = z + 4*z**2 + 0*z + 5*z**2 - 7*z**2. Let h be 1/4*-2*8. Let o = h + 2. Calculate d(o).
6
Let y(h) = h**3 - 3*h**2 - h - 2. Suppose 0 = -3*v + 7 + 2. What is y(v)?
-5
Let h(m) = -m**2 + 11*m + 17. Let w be h(12). Let j(g) = -1 + 2 + w*g - 7*g - 8*g. Calculate j(1).
-9
Let x(y) = 6*y. Let z(q) = q + 7. Let m(u) = u**3 + 2*u**2 - u. Let f be m(-3). Let b be z(f). Suppose -4*j + 3 = -b. Give x(j).
6
Let t(r) = -2*r - 7. Let f(b) = 3*b + 8. Let v(h) = -3*f(h) - 4*t(h). Suppose -4*j + 0*j - 12 = 0. Let x = j - -3. Give v(x).
4
Let h(s) = -s**3 + 5*s**2 - 2*s + 4. Let w(f) = -5*f + 4 - 3 + 7*f. Let c be w(2). Give h(c).
-6
Let n(l) be the second derivative of 1/12*l**4 + 0*l**3 + 3*l**2 + 0 + l + 1/20*l**5. Let p = 3 + -3. Determine n(p).
6
Let x(q) = -q - 6. Let c(s) = s + 5. Let p(n) = 5*c(n) + 4*x(n). What is p(-4)?
-3
Let a(j) = -3*j - 1. Let r be ((-4)/12)/((-1)/(-9)). Determine a(r).
8
Let f(d) = 0*d - 3 + 4*d + 2*d - d**2. Let w(g) = -15*g - 1. Let z be w(1). Let v be z/(-3) + (-1)/3. Determine f(v).
2
Let r be (-42)/(-70) + 33/(-5). Let a(o) = o**2 + 8*o + 1. Determine a(r).
-11
Let c be ((4/8)/(2/3))/9. Let b(p) be the second derivative of -5*p + 0*p**2 + 0 + c*p**4 + 1/6*p**3. Calculate b(-2).
2
Let u be (-2)/((-11)/3 - -3). Let j(f) = 6*f - 5*f**u + f**2 + 4*f**3 - 7*f**2 + 2*f**2 + 7. Give j(-5).
2
Let f = 21 - 10. Let q(v) = 5*v**3 + 2*v**2 - f*v**3 + 2 - 5*v + 7*v**3. Determine q(-4).
-10
Let c(s) = s**3 - 2*s**2 + 2*s - 3. Let x = 114 + -112. What is c(x)?
1
Let n = 9 + -6. Let k be (63/18)/(1/6). Suppose 4*a - 5 = 2*d - k, n*a - 5*d = -12. Let b(c) = c - 1. Give b(a).
-5
Let d(f) = 4*f**3 - 33*f**2 - 5*f - 13. Let t(u) = -u**3 + 8*u**2 + u + 3. Let l(j) = -2*d(j) - 9*t(j). Let y = -15 - -21. What is l(y)?
5
Let i(r) = -8*r - 4. Let f(u) = 22*u + 2 + 6 - 7*u. Let b(k) = 6*f(k) + 11*i(k). Suppose g + 4*g - 4*y = -25, -5*g - 4*y - 25 = 0. Determine b(g).
-6
Let o(p) = -6*p + 2. Let y be 84/35 - (-6)/10. Determine o(y).
-16
Let v(t) be the first derivative of -t**2/2 + 9*t + 46. Give v(13).
-4
Suppose 13 = -o - 2*l, 0 = -5*o + 4*l - l. Let z(s) = s**3 + 3*s**2 - s + 4. Give z(o).
7
Let l(z) = -z**2 - 1. Let f = 7 - 6. Let u be (2/6)/(f/6). Determine l(u).
-5
Let c(z) = -z**2 - 5 + 3 + 10*z - 3*z - 1. What is c(6)?
3
Let z(a) = 5*a - 25. Let y(h) = -h + 6. Let k(p) = -9*y(p) - 2*z(p). Let x(l) = l**3 - 4*l**2 - l - 1. Let u be x(4). What is k(u)?
1
Let i(d) = -4 - 6 + 2*d + d - 2*d. Suppose 0 = -5*u - 6 + 41. Determine i(u).
-3
Let l(j) = -20*j**3 + 2*j**2 - 29*j + 12. Let k(r) = 7*r**3 - r**2 + 10*r - 4. Let u(x) = 17*k(x) + 6*l(x). Give u(-4).
4
Let j(d) = d**2 + d + 1. Let b(s) = -s**3 - 6*s**2 - 6*s - 1. Let v(u) = b(u) + 5*j(u). Let w = 1 - 1. Determine v(w).
4
Let b(o) = o**3 + 7*o**2 + 6*o - 6. Suppose -3*f + 2 = 17. Let m be 2 + f/(10/16). What is b(m)?
-6
Let x(s) = -s**2 - 6*s - 4. Let y(l) = -l. Let q(a) = -a**2 + 4*a + 2. Let j(o) = -q(o) - 6*y(o). Let r be j(2). Let b = r + -11. What is x(b)?
1
Let l(h) = 0*h + h - 8 - 3 + 7. Let f be (-2)/(0 + 2/(-5)). What is l(f)?
1
Let j(g) = -3*g**3 + 5*g**2 - g - 9. Let a(o) = 5*o**3 - 9*o**2 + 2*o + 17. Let q(i) = 4*a(i) + 7*j(i). Determine q(0).
5
Let i(v) = 3*v**3 - v**2. Let m = 23 - 24. Determine i(m).
-4
Let g(a) = a. Suppose 3*o = 2*z - 46, -7 + 41 = z + 4*o. Let c = z - 5. Suppose -d - x + 4 = 0, -d = 3*d - x - c. What is g(d)?
5
Let q(h) = -h**2 - 4*h + 0*h**2 + 7 - 2. Let t = 3 + 14. Suppose 5*b = -t - 13. Calculate q(b).
-7
Suppose 4*i = 13 + 3. Let z(h) = -i - 3*h + 2*h + 2. Suppose -4*s - 3*c = -14, -5*s - 4*c = 2 - 19. Calculate z(s).
-7
Let p(u) = u - 3. Let c be p(5). Let a(t) = 8*t - 2. Determine a(c).
14
Let i(w) = -5*w + 5. Let o(y) = y + 1. Let g be 9/(-15)*(-20)/2. Let x(q) = g*o(q) - i(q). Give x(1).
12
Suppose 0*z + z + 30 = 2*s, 75 = 5*s - z. Suppose 0 = 4*i - 9*i + s. Let t(b) = 3*b - 1. What is t(i)?
8
Let b(c) = -3*c**2 - 12*c - 9. Let x(u) = u**2 + u + 1. Let f(i) = b(i) + 4*x(i). Let z(n) = 6*n**2 - 41*n - 26. Let o(s) = 11*f(s) - 2*z(s). Calculate o(-5).
2
Let o be 4/(-3)*(3 - 0). Let f(c) = -2*c - 5. Let s be f(o). Let t(m) = -2*m**2 - m**3 + 2*m**2 + m**2 + 4*m - 1. What is t(s)?
-7
Let p(r) be the first derivative of -r**4/4 - 2*r**3/3 + r - 1. Let n be 0 - 1 - (-2 + 1 + 2). Calculate p(n).
1
Let t(k) = 6*k + 2. Let s(b) = -7*b - 4. Let y(r) = -5*s(r) - 6*t(r). Determine y(-6).
14
Let q(l) = l**2. Let t(u) = -3*u**2 + 4. Let k(d) = -4*q(d) - t(d). Let z(w) be the first derivative of k(w). Give z(-1).
2
Let a(f) = -3*f**2 - 13*f + 11*f - 7 + 0*f**3 - 2*f**3. Let z(n) = -3*n**3 - 7*n**2 - 3*n - 13. Let w(k) = 5*a(k) - 3*z(k). Determine w(6).
-2
Let m(p) = p**3 - 8*p**2 + 6*p + 7. Let r be m(7). Let c(d) be the third derivative of -d**6/120 - d**5/60 + d**3/2 + 3*d**2. Determine c(r).
3
Suppose -4*r = -26 + 10. Let g(f) = -f + 3*f - 2 + 2*f + 3*f**2 - f**3. Determine g(r).
-2
Let a be 375/35 - (-2)/7. Let n(y) = 2*y - 11 + a. Give n(